{"id":201,"date":"2026-01-15T09:32:47","date_gmt":"2026-01-15T09:32:47","guid":{"rendered":"https:\/\/oneclicktv.net\/?page_id=201"},"modified":"2026-01-15T09:35:55","modified_gmt":"2026-01-15T09:35:55","slug":"condiciones-del-servicio","status":"publish","type":"page","link":"https:\/\/oneclicktv.net\/oficial-espana\/condiciones-del-servicio\/","title":{"rendered":"Condiciones de uso\u00a0"},"content":{"rendered":"<div data-elementor-type=\"wp-page\" data-elementor-id=\"201\" class=\"elementor elementor-201\" data-elementor-post-type=\"page\">\n\t\t\t\t<div data-particle_enable=\"false\" data-particle-mobile-disabled=\"false\" class=\"elementor-element elementor-element-1ca5f08c e-flex e-con-boxed e-con e-parent\" data-id=\"1ca5f08c\" data-element_type=\"container\" data-settings=\"{&quot;background_background&quot;:&quot;classic&quot;}\">\n\t\t\t\t\t<div class=\"e-con-inner\">\n\t\t\t\t<div class=\"elementor-element elementor-element-4f8eab5f elementor-widget elementor-widget-text-editor\" data-id=\"4f8eab5f\" data-element_type=\"widget\" data-widget_type=\"text-editor.default\">\n\t\t\t\t\t\t\t\t\t\n<p>Estos T\u00e9rminos de Servicio (\u201cT\u00e9rminos\u201d) rigen su uso del sitio web OneClickTV (\u201cSitio Web\u201d) y los servicios ofrecidos por OneClickTV (\u201cServicios\u201d). Al acceder o utilizar el Sitio Web o los Servicios, usted acepta estar obligado por estos T\u00e9rminos y todas las leyes y reglamentos aplicables. Si no est\u00e1 de acuerdo con alguna parte de estos T\u00e9rminos, por favor no utilice nuestro Sitio Web o Servicios.<\/p>\n\n\n\n<p>**1.&nbsp;<strong>Descripci\u00f3n del servicio<\/strong>: OneClickTV ofrece un servicio de televisi\u00f3n por protocolo de Internet (IPTV) que permite a los usuarios acceder a diversos canales, contenidos a la carta y funciones relacionadas a trav\u00e9s de dispositivos compatibles.<\/p>\n\n\n\n<p>**2.&nbsp;<strong>Conducta del usuario<\/strong>a. Usted se compromete a utilizar los Servicios \u00fanicamente con fines l\u00edcitos y de forma coherente con estas Condiciones y con las leyes y reglamentos aplicables. b. Usted no puede utilizar los Servicios para infringir los derechos de terceros, incluyendo, entre otros, la infracci\u00f3n de derechos de autor.<\/p>\n\n\n\n<p>**3.&nbsp;<strong>Suscripci\u00f3n y pagos<\/strong>a. Al suscribirse a OneClickTV, usted acepta las condiciones del plan de suscripci\u00f3n elegido, incluidos los precios y las condiciones de facturaci\u00f3n. b. El procesamiento de los pagos corre a cargo de procesadores de pagos externos, y usted acepta sus condiciones. c. Las cuotas de suscripci\u00f3n no son reembolsables, salvo en los casos expresamente previstos en nuestra Pol\u00edtica de reembolso.<\/p>\n\n\n\n<p>**4.&nbsp;<strong>Pol\u00edtica de privacidad<\/strong>: El uso de nuestros Servicios tambi\u00e9n est\u00e1 sujeto a nuestra Pol\u00edtica de Privacidad. Consulte nuestra Pol\u00edtica de privacidad en [enlace a la pol\u00edtica de privacidad] para conocer nuestras pr\u00e1cticas.<\/p>\n\n\n\n<p>**5.&nbsp;<strong>Derechos de propiedad intelectual<\/strong>a. Todos los contenidos y materiales disponibles en el Sitio Web y a trav\u00e9s de los Servicios est\u00e1n protegidos por derechos de autor, marcas registradas y otras leyes de propiedad intelectual. b. Usted no puede reproducir, distribuir, modificar o crear trabajos derivados de cualquier contenido sin el consentimiento expl\u00edcito por escrito de OneClickTV.<\/p>\n\n\n\n<p>**6.&nbsp;<strong>Limitaci\u00f3n de responsabilidad<\/strong>: OneClickTV no ser\u00e1 responsable de ning\u00fan da\u00f1o indirecto, incidental, especial, consecuente o punitivo, o cualquier p\u00e9rdida de beneficios o ingresos, ya sea incurrida directa o indirectamente.<\/p>\n\n\n\n<p>**7.&nbsp;<strong>Derecho aplicable<\/strong>: Estas Condiciones se regir\u00e1n e interpretar\u00e1n de acuerdo con las leyes de [Su pa\u00eds\/Estado], sin tener en cuenta sus principios de conflicto de leyes.<\/p>\n\n\n\n<p>**8.&nbsp;<strong>Cambios en las condiciones<\/strong>: OneClickTV se reserva el derecho de modificar o reemplazar estos T\u00e9rminos en cualquier momento. Es su responsabilidad revisar estos T\u00e9rminos peri\u00f3dicamente para ver si hay cambios.<\/p>\n\n\n\n<p>Al utilizar nuestro Sitio Web o nuestros Servicios, usted reconoce que ha le\u00eddo, comprendido y aceptado las presentes Condiciones de Servicio. Si tiene alguna pregunta o duda, p\u00f3ngase en contacto con nosotros en support@oneclicktv.net.<\/p>\n\t\t\t\t\t\t\t\t<\/div>\n\t\t\t\t\t<\/div>\n\t\t\t\t<\/div>\n\t\t\t\t<\/div>","protected":false},"excerpt":{"rendered":"<p>These Terms of Service (\u201cTerms\u201d) govern your use of the OneClickTV website (\u201cWebsite\u201d) and the services offered by OneClickTV (\u201cServices\u201d). By accessing or using the Website or Services, you agree to be bound by these Terms and all applicable laws and regulations. If you disagree with any part of these Terms, please do not use [&hellip;]<\/p>","protected":false},"author":1,"featured_media":0,"parent":0,"menu_order":0,"comment_status":"closed","ping_status":"closed","template":"","meta":{"footnotes":""},"class_list":["post-201","page","type-page","status-publish","hentry"],"rttpg_featured_image_url":null,"rttpg_author":{"display_name":"admin","author_link":"https:\/\/oneclicktv.net\/oficial-espana\/author\/admin\/"},"rttpg_comment":0,"rttpg_category":null,"rttpg_excerpt":"These Terms of Service (\u201cTerms\u201d) govern your use of the OneClickTV website (\u201cWebsite\u201d) and the services offered by OneClickTV (\u201cServices\u201d). By accessing or using the Website or Services, you agree to be bound by these Terms and all applicable laws and regulations. If you disagree with any part of these Terms, please do not use&hellip;","_links":{"self":[{"href":"https:\/\/oneclicktv.net\/oficial-espana\/wp-json\/wp\/v2\/pages\/201","targetHints":{"allow":["GET"]}}],"collection":[{"href":"https:\/\/oneclicktv.net\/oficial-espana\/wp-json\/wp\/v2\/pages"}],"about":[{"href":"https:\/\/oneclicktv.net\/oficial-espana\/wp-json\/wp\/v2\/types\/page"}],"author":[{"embeddable":true,"href":"https:\/\/oneclicktv.net\/oficial-espana\/wp-json\/wp\/v2\/users\/1"}],"replies":[{"embeddable":true,"href":"https:\/\/oneclicktv.net\/oficial-espana\/wp-json\/wp\/v2\/comments?post=201"}],"version-history":[{"count":4,"href":"https:\/\/oneclicktv.net\/oficial-espana\/wp-json\/wp\/v2\/pages\/201\/revisions"}],"predecessor-version":[{"id":209,"href":"https:\/\/oneclicktv.net\/oficial-espana\/wp-json\/wp\/v2\/pages\/201\/revisions\/209"}],"wp:attachment":[{"href":"https:\/\/oneclicktv.net\/oficial-espana\/wp-json\/wp\/v2\/media?parent=201"}],"curies":[{"name":"wp","href":"https:\/\/api.w.org\/{rel}","templated":true}]}}