{"id":192,"date":"2026-01-15T08:15:42","date_gmt":"2026-01-15T08:15:42","guid":{"rendered":"https:\/\/oneclicktv.net\/?page_id=192"},"modified":"2026-01-15T09:07:31","modified_gmt":"2026-01-15T09:07:31","slug":"erstattungsrichtlinie","status":"publish","type":"page","link":"https:\/\/oneclicktv.net\/offiziell-deutschland\/erstattungsrichtlinie\/","title":{"rendered":"Erstattungspolitik"},"content":{"rendered":"<div data-elementor-type=\"wp-page\" data-elementor-id=\"192\" class=\"elementor elementor-192\" data-elementor-post-type=\"page\">\n\t\t\t\t<div data-particle_enable=\"false\" data-particle-mobile-disabled=\"false\" class=\"elementor-element elementor-element-5ab5f9f4 e-flex e-con-boxed e-con e-parent\" data-id=\"5ab5f9f4\" data-element_type=\"container\" data-settings=\"{&quot;background_background&quot;:&quot;classic&quot;}\">\n\t\t\t\t\t<div class=\"e-con-inner\">\n\t\t\t\t<div class=\"elementor-element elementor-element-17760a35 elementor-widget elementor-widget-text-editor\" data-id=\"17760a35\" data-element_type=\"widget\" data-widget_type=\"text-editor.default\">\n\t\t\t\t\t\t\t\t\t<p data-start=\"164\" data-end=\"416\">Unter <strong data-start=\"167\" data-end=\"181\">OneClickTV<\/strong>, Wir sch\u00e4tzen Ihre Zufriedenheit und bem\u00fchen uns, Ihnen das bestm\u00f6gliche Streaming-Erlebnis zu bieten. Sollten Sie jedoch aus irgendeinem Grund mit Ihrem Abonnement nicht zufrieden sein, bieten wir Ihnen eine klare und einfache R\u00fcckerstattungsregelung - ohne \u00c4rger und Risiko.<\/p>\n<h3 data-start=\"418\" data-end=\"454\"><strong data-start=\"422\" data-end=\"454\">Geld-zur\u00fcck-Garantie-Frist<\/strong><\/h3>\n<ul data-start=\"455\" data-end=\"788\">\n<li data-start=\"455\" data-end=\"567\">\n<p data-start=\"457\" data-end=\"567\"><strong data-start=\"457\" data-end=\"490\">1-Monats- und 3-Monats-Pakete:<\/strong> F\u00f6rderf\u00e4hig f\u00fcr eine <strong data-start=\"506\" data-end=\"536\">7 Tage Geld-zur\u00fcck-Garantie<\/strong> ab dem Datum der Aktivierung.<\/p>\n<\/li>\n<li data-start=\"568\" data-end=\"682\">\n<p data-start=\"570\" data-end=\"682\"><strong data-start=\"570\" data-end=\"604\">6-Monats- und 12-Monats-Pakete:<\/strong> F\u00f6rderf\u00e4hig f\u00fcr eine <strong data-start=\"620\" data-end=\"651\">30 Tage Geld-zur\u00fcck-Garantie<\/strong> ab dem Datum der Aktivierung.<\/p>\n<\/li>\n<li data-start=\"683\" data-end=\"788\">\n<p data-start=\"685\" data-end=\"788\"><strong data-start=\"685\" data-end=\"709\">Verbindung auf Lebenszeit:<\/strong> F\u00f6rderf\u00e4hig f\u00fcr eine <strong data-start=\"725\" data-end=\"757\">100 Tage Geld-zur\u00fcck-Garantie<\/strong> ab dem Datum der Aktivierung.<\/p>\n<\/li>\n<\/ul>\n<h3 data-start=\"790\" data-end=\"821\"><strong data-start=\"794\" data-end=\"821\">Wie Sie eine R\u00fcckerstattung beantragen<\/strong><\/h3>\n<p data-start=\"822\" data-end=\"912\">Um eine R\u00fcckerstattung anzufordern, kontaktieren Sie bitte unser Support-Team \u00fcber eine der folgenden Methoden:<\/p>\n<ul data-start=\"913\" data-end=\"1065\">\n<li data-start=\"913\" data-end=\"946\">\n<p data-start=\"915\" data-end=\"946\"><strong data-start=\"915\" data-end=\"928\">WhatsApp:<\/strong> +44 7532 789713<\/p>\n<\/li>\n<li data-start=\"947\" data-end=\"1027\">\n<p data-start=\"949\" data-end=\"1027\"><strong data-start=\"949\" data-end=\"962\">Telegramm:<\/strong> <a class=\"decorated-link cursor-pointer\" target=\"_new\" rel=\"noopener\" data-start=\"963\" data-end=\"1025\">https:\/\/t.me\/OneclickTVdotnet<\/a><\/p>\n<\/li>\n<li data-start=\"1028\" data-end=\"1065\">\n<p data-start=\"1030\" data-end=\"1065\"><strong data-start=\"1030\" data-end=\"1040\">E-Mail:<\/strong> <a class=\"decorated-link cursor-pointer\" rel=\"noopener\" data-start=\"1041\" data-end=\"1063\">support@oneclicktv.net<\/a><\/p>\n<\/li>\n<\/ul>\n<p data-start=\"1067\" data-end=\"1152\">Unser Team wird Ihre Anfrage innerhalb von 24-48 Stunden nach Erhalt Ihrer Nachricht bearbeiten.<\/p>\n<h3 data-start=\"1154\" data-end=\"1175\"><strong data-start=\"1158\" data-end=\"1175\">Erstattungsmethode<\/strong><\/h3>\n<p data-start=\"1176\" data-end=\"1290\">Erstattungen werden ausgestellt durch <strong data-start=\"1203\" data-end=\"1213\">PayPal<\/strong> oder <strong data-start=\"1217\" data-end=\"1244\">Kryptow\u00e4hrung (Krypto)<\/strong>.<\/p>\n<h3 data-start=\"1292\" data-end=\"1311\"><strong data-start=\"1296\" data-end=\"1311\">Unser Versprechen<\/strong><\/h3>\n<p data-start=\"1312\" data-end=\"1506\">Wenn Sie aus irgendeinem Grund mit dem Service nicht zufrieden sind, haben Sie das Recht, eine R\u00fcckerstattung zu verlangen <strong data-start=\"1404\" data-end=\"1454\">jederzeit innerhalb der geltenden Garantiezeit<\/strong> \u2014 <strong data-start=\"1457\" data-end=\"1504\">kein \u00c4rger, kein Risiko und keine Fragen.<\/strong><\/p>\t\t\t\t\t\t\t\t<\/div>\n\t\t\t\t\t<\/div>\n\t\t\t\t<\/div>\n\t\t\t\t<\/div>","protected":false},"excerpt":{"rendered":"<p>At OneClickTV, we value your satisfaction and strive to provide the best streaming experience possible. However, if for any reason you are not fully satisfied with your subscription, we offer a clear and simple refund policy \u2014 no hassle, no risk. Money-Back Guarantee Periods 1-Month and 3-Month Packages: Eligible for a 7-day money-back guarantee from [&hellip;]<\/p>","protected":false},"author":1,"featured_media":0,"parent":0,"menu_order":0,"comment_status":"closed","ping_status":"closed","template":"","meta":{"footnotes":""},"class_list":["post-192","page","type-page","status-publish","hentry"],"rttpg_featured_image_url":null,"rttpg_author":{"display_name":"admin","author_link":"https:\/\/oneclicktv.net\/offiziell-deutschland\/author\/admin\/"},"rttpg_comment":0,"rttpg_category":null,"rttpg_excerpt":"At OneClickTV, we value your satisfaction and strive to provide the best streaming experience possible. However, if for any reason you are not fully satisfied with your subscription, we offer a clear and simple refund policy \u2014 no hassle, no risk. Money-Back Guarantee Periods 1-Month and 3-Month Packages: Eligible for a 7-day money-back guarantee from&hellip;","_links":{"self":[{"href":"https:\/\/oneclicktv.net\/offiziell-deutschland\/wp-json\/wp\/v2\/pages\/192","targetHints":{"allow":["GET"]}}],"collection":[{"href":"https:\/\/oneclicktv.net\/offiziell-deutschland\/wp-json\/wp\/v2\/pages"}],"about":[{"href":"https:\/\/oneclicktv.net\/offiziell-deutschland\/wp-json\/wp\/v2\/types\/page"}],"author":[{"embeddable":true,"href":"https:\/\/oneclicktv.net\/offiziell-deutschland\/wp-json\/wp\/v2\/users\/1"}],"replies":[{"embeddable":true,"href":"https:\/\/oneclicktv.net\/offiziell-deutschland\/wp-json\/wp\/v2\/comments?post=192"}],"version-history":[{"count":4,"href":"https:\/\/oneclicktv.net\/offiziell-deutschland\/wp-json\/wp\/v2\/pages\/192\/revisions"}],"predecessor-version":[{"id":200,"href":"https:\/\/oneclicktv.net\/offiziell-deutschland\/wp-json\/wp\/v2\/pages\/192\/revisions\/200"}],"wp:attachment":[{"href":"https:\/\/oneclicktv.net\/offiziell-deutschland\/wp-json\/wp\/v2\/media?parent=192"}],"curies":[{"name":"wp","href":"https:\/\/api.w.org\/{rel}","templated":true}]}}